ivative of -t**5/5 + t**4/24 + 31*t**2/2 - 28. Let r(y) be the second derivative of q(y). Determine r(-1).
-13
Let j be (-10)/(120/12) - -1. Let s(q) = q**3 - q**2 + q - 6. Give s(j).
-6
Let p(h) = h**2 + 6*h + 6. Let n be p(-4). Let j(q) = -q + 1. Let k(z) = z - 1. Let o(g) = n*j(g) - 3*k(g). Give o(-2).
3
Let x be 1/(-4) + (-21)/28. Let p(a) = a**3 - 9*a**2 + 9*a - 6. Let q be p(8). Let t(c) = 5*c**q - 6*c**2 - 5*c**2. Give t(x).
-6
Let u(f) = f**2 + 14*f - 14. Suppose 66 = 1477*n - 1483*n. Calculate u(n).
-47
Let q(s) = -6*s - s - 7*s + 14*s + s + 2. Give q(3).
5
Let t(u) = -532*u + 266*u + 262*u. Suppose -55 = -5*v + f, -5*v + f + 45 = 2*f. Let y = v - 14. Determine t(y).
16
Let r(h) = -h**2 - 5*h. Suppose -3*v + u - 7 = 3, 15 = -4*v + u. Let n be (-1)/v + 42/(-10). Give r(n).
4
Let p(z) = z + z**2 - 12*z - 34 - 29 + 47. Determine p(13).
10
Let i(a) = a - 2 + 2*a - 2*a**2 + a**3 - 4*a**2. Let r be 4/(28/35 - 0). What is i(r)?
-12
Let n be (2/(-5))/((-25)/((-1375)/22)). Suppose -3*l - 5*h = -28, 0 = -5*l - 5*h + 4 + 26. Let r(w) = -6*w + l - 2*w + 3*w. What is r(n)?
6
Let t = -462 - -1387/3. Let c(n) be the second derivative of 0 - 2*n**2 + t*n**3 + n. Calculate c(4).
4
Suppose 2*r = -3*y - 2, 5 = -4*r + 4*y + 1. Let v = 50 + -48. Let k(q) = 1 - 25*q**v + q + 12*q**2 + 16*q**2. What is k(r)?
3
Let j(o) be the third derivative of -1/6*o**4 - 2/3*o**3 + 1/60*o**5 + 0*o + 0 + o**2. Let c(g) = 2*g - 11. Let i be c(8). Determine j(i).
1
Let p(g) = -4*g**3 - 2*g**2 + 2*g + 6. Let k(t) = -t**3 + t**2 + t - 1. Let u be k(0). Let o(l) = -l**3 - l**2 + 1. Let d(q) = u*p(q) + 5*o(q). Determine d(-3).
5
Let f(s) = -s + 7. Suppose -4*k - 5*b + 60 = 0, -2*k + 7*k - 120 = 5*b. Let t = -15 + k. Let h(x) = x - 4. Let z(j) = t*h(j) + 2*f(j). What is z(5)?
9
Suppose 3*y - 27 = -3. Let g be 1/((-6)/23) + y/(-48). Let t(c) = 11*c + 2 - 9*c + 2*c**2 - c**2. Determine t(g).
10
Let o(u) = -71*u - 491. Let a be o(-7). Suppose -t + 6 = 4*k, 5*t + 0 = -10. Let v(r) = -k - 2 + 0 + r. Calculate v(a).
2
Let k(t) be the first derivative of -t**3/3 - 5*t**2/2 - 3*t - 2. Let d(i) = -8*i + 7. Let x be d(8). Let z be x/15 + 4/(-20). Give k(z).
1
Let g be (-50)/(-5) + -5 - 1. Suppose -4*q + g*i = 3*i - 7, 2*q = -3*i - 7. Let s(f) = -f**2 - 1. Determine s(q).
-2
Let x(z) = z**3 - 4*z**2 + z + 4. Let w be 536/24 + (-2)/6. Suppose -w = -4*k + 2*d, 3 - 1 = -k - d. Give x(k).
-2
Suppose -4*b = -8*i + 9*i + 3, -2*b - 14 = -2*i. Suppose 0 = u - 5 - 1. Let r(v) = -1 - v**3 + 6 + u*v + v**2 + 3*v**2. Determine r(i).
10
Let w(q) = -4*q**3 + 12*q**2 - 4*q + 28. Let t(c) = -3*c**3 + 13*c**2 - 3*c + 26. Let d(h) = 3*t(h) - 2*w(h). Give d(15).
7
Suppose -26*h - 56 = -18*h. Let t(n) = -n**2 - 9*n - 17. Give t(h).
-3
Let m(f) = -9*f**2 - 3 + 10*f**2 + f**3 + 12*f - 11*f. What is m(0)?
-3
Suppose -48 = 8*j - 11*j. Let w(v) = -j*v**2 + 8 + 4*v + 17*v**2 + 3*v + 3*v. Give w(-9).
-1
Suppose -4*f - 16 = 0, -5*m + 2*f + 4 + 24 = 0. Suppose -31 + 11 = m*t. Let a(l) = l**3 + 6*l**2 + 7*l + 3. What is a(t)?
-7
Let a(g) = 1 + 13*g - 4*g - 7*g**2 - 10*g. Let s = 1 + 0. Give a(s).
-7
Let j(u) be the second derivative of 3*u - 1/12*u**4 + 2/3*u**3 - 1/2*u**2 + 0. Let y be ((-15)/(-6))/(-5)*-6. Give j(y).
2
Let i(y) = -y**3 - 3*y**2 + y - 5. Let d be -6 - 3*(-6)/9. Give i(d).
7
Let k(m) = -5*m. Let o be (13/(-3))/(9/(-81)). Let l = o + -43. Give k(l).
20
Let z(o) = o - 9. Let r(a) = -5*a - 15. Let w be r(-4). What is z(w)?
-4
Let v(t) = -t**2 - 4*t + 3. Let u(l) = -l**2 + 11*l - 4. Let p be u(5). Let s = p + -26. Suppose -3*w - 3*w - 36 = s. Give v(w).
-9
Let w(g) be the first derivative of -g**4/4 + g**3 + 5*g**2/2 + g - 349. What is w(-2)?
11
Let s(n) = 4*n**2 + 5 + 3*n - 4*n - n - 4*n**3 - 6*n**2. Let f(o) = 3*o**3 + o**2 + o - 4. Let b(w) = 5*f(w) + 4*s(w). Determine b(-2).
2
Let d be 243/21 - 3*(-16)/(-84). Let c(k) = -k + 17. Let w be c(d). Let a(r) = r**3 - r + 8 - 6*r**2 + 0*r**2 - r. Calculate a(w).
-4
Let r(s) = -s. Let d be r(0). Let u be d - (0/(-2) + 0). Let o(z) = z - 16. What is o(u)?
-16
Let j(l) = -l**3 + 4*l**2 + 4*l. Suppose 2*t + 3*q = 5, 10*q - 14*q - 8 = -t. Determine j(t).
16
Let i(l) = -6*l**2 + 7*l + 5. Let k(f) = f**2 - f - 1. Suppose 7*b - 9*b - 2 = 0. Let x(y) = b*i(y) - 5*k(y). Give x(-2).
8
Let p(z) = -z**2 - 7*z - 10. Let a be p(-4). Let y(o) = -2*o**3 + o**2 + 3*o - 2. Determine y(a).
-8
Let z(i) = -7*i + 63. Let a(n) = -6*n**3 - 3*n**2 - 11*n - 5. Let w be a(-1). Determine z(w).
0
Let g(n) = 7*n**2 + n - 4. Let r be g(2). Let o be (-1 - -2)*-1*52. Let q be (-4)/r + (-8)/o. Let u(p) = p**3 - p**2 - p + 9. Give u(q).
9
Let n(o) = -o**2 - 7*o + 1. Let c be (8 - 14)*2/(-12). Let r be -8*c/2 - 4. Calculate n(r).
-7
Let n(s) = s**3 + 3*s**2 - 2*s + 1. Let o be 1/5 + (-1776)/30. Let x = -61 - o. Give n(x).
9
Let q be ((-7)/14)/(2/(-12)). Suppose 3*p - 5 = 2*g - q, 2 = p. Let k(z) = 84*z**3 - 85*z**3 + 0 + 0 + g*z + 3*z**2. What is k(4)?
-8
Let g(x) = -x**2 - 2*x + 1. Suppose -12 = -4*d - 2*d. Suppose -2*i = 8, 3*j - d*i = -4*i + 1. Determine g(j).
-14
Let s = 0 - -3. Let k(g) = -41 - 4*g**2 - 5*g**3 + 2*g + 7*g**2 + 4*g**3 + 38. Calculate k(s).
3
Let l(f) be the second derivative of 1/6*f**3 - 3*f + 0 + 5/2*f**2 - 1/8*f**4. Let j(a) be the first derivative of l(a). Give j(2).
-5
Let u(d) be the second derivative of -d**3/6 - 7*d**2/2 + 28*d + 8. Determine u(-8).
1
Let x(f) be the second derivative of f**6/360 + f**5/24 + 5*f**4/24 + 7*f**3/3 + 14*f. Let t(h) be the second derivative of x(h). What is t(-5)?
5
Let d = 1257 - 1259. Let y(r) = -r - 4*r**2 - 4*r**2 - 2 + 5*r**2. Give y(d).
-12
Let x(u) be the first derivative of 3*u**2/2 - 4*u + 162. What is x(5)?
11
Let g(x) = -x**3 + 1. Let i(s) be the first derivative of 7*s**4/4 + 5*s**3/3 + 5*s**2/2 + 36. Let b(c) = -6*g(c) - i(c). Give b(-5).
19
Let v(o) = -o**2 + 11*o - 6. Let r(s) = s + 17. Let x be r(-8). Determine v(x).
12
Let x(l) be the third derivative of l**4/12 + 5*l**3/3 + 865*l**2. Give x(-14).
-18
Let l(y) = y**3 + 7*y**2 + 6*y + 4. Let b be (-1)/(10/(-2)) + (-36)/5. Calculate l(b).
-38
Let l(r) = -r**2 - 8*r + 4. Let w(d) = -2*d**2 - 15*d + 7. Let j(c) = -5*l(c) + 3*w(c). Let o(h) = 2*h + 3*h - 4*h + 1. Let z be o(-5). Determine j(z).
5
Let c(i) = -90 - i - i**2 + 2*i + 88 + i. Calculate c(0).
-2
Let s = 1039 + -1038. Let d(c) = -3*c**3 - 2*c**2 + 3*c - 1. What is d(s)?
-3
Let n(y) = -5*y**3 - 4*y**2 - 2*y + 1. Let w(x) = -6*x**3 - 3*x**2 - x + 1. Let z(s) = 3*n(s) - 4*w(s). Give z(-1).
-8
Suppose 0 = 23*w + 56 + 82. Let y(a) be the second derivative of a**5/20 + 5*a**4/12 - a**3/2 + 3*a**2/2 + 7*a. Determine y(w).
-15
Let s(x) = -x**2 - 2*x - 3. Let h be (-3 + 6)/3 - -1. Suppose -2 = h*z + 2. What is s(z)?
-3
Let o(f) = -f + 1. Let n be o(-2). Let b(d) = 3 - 5*d - 2*d + 1 + n*d. Give b(7).
-24
Let g(b) be the third derivative of -b**8/6720 + b**7/420 + 7*b**6/720 - b**5/120 - b**4/8 - 5*b**2. Let x(h) be the second derivative of g(h). Give x(7).
-1
Let c be 1 - 4/(3 - 7). Let s(y) = -c - 7*y**3 + 8*y**3 - 3*y - 2*y**2 + 0*y**2. Let g be -4 - (-7)/(3 + -2). Determine s(g).
-2
Let t be ((-4054)/6 + (-24)/(-36))*1. Let j be 9/(t/290) + 2/(-15). Let k(s) be the first derivative of -s**3/3 - 3*s**2/2 + s - 3. Calculate k(j).
-3
Let u(c) = c**3 + 3*c**2 + 2*c - 3. Suppose -27 = 15*g - 6*g. Calculate u(g).
-9
Let u(y) = -290*y - 284*y - 4 + 851*y + 6 - 286*y. Calculate u(-4).
38
Let m = 784 + -789. Let w(b) = b**3 + 4*b**2 - 7*b + 1. Calculate w(m).
11
Let a(v) = -4*v + 10*v + 0 - 5*v - 4 - v**2 - 6*v. Give a(-5).
-4
Let g(p) be the first derivative of -1/4*p**4 - 1/2*p**2 - 11*p - 7 + 1/3*p**3. What is g(0)?
-11
Let c(r) = -r - 1. Let u be 0/(3 + -3 + 3). Let n be (-8)/12*6 - u. Determine c(n).
3
Let y = -961 - -965. Let o(k) = -5*k + 12. What is o(y)?
-8
Let q(c) be the first derivative of 2*c**3/3 + 3*c**2/2 - 2*c + 211. Determine q(1).
3
Suppose 4*q + 3*r = 5*r + 18, q + 2*r - 12 = 0. Let p(u) = -q*u + 13*u - 8*u. Give p(0).
0
Let w(l) be the third derivative of -7*l**4/24 - l**3/2 - 24*l**2 - l. Determine w(-2).
11
Let z(h) be the first derivative of -h**4/4 + 8*h**3/3 - 9*h**2/2 + 8*h - 133. Let f be 3/(-1) - (14 + -24). Give z(f).
-6
Let f(m) = -m**2 + 5*m + 11. Let w(r) = -2*r**2 + 39*r - 79. Let c be w(17). 